)*54/8 is divided by 20?
16
Let w(f) = f**2 - 3*f - 7. Let m = 11 - 3. Let x = 36 - 29. Calculate the remainder when w(m) is divided by x.
5
Let s be 12 + -1 + 3/(-3). Let x(o) = s*o - 9 + 0*o**2 - 2*o**2 + 6*o**2 - 3*o**2. Calculate the remainder when x(-12) is divided by 6.
3
Let n be (16 - 13) + 2/(-2). Suppose -n*m + 230 = 5*j - m, 4*m = 0. What is the remainder when j is divided by 16?
14
Let a(o) = 2*o. Let h be a(9). Let r = 39 - h. Suppose 6*s - 4*s = 2*d + 12, 2*s - 37 = -3*d. Calculate the remainder when r is divided by s.
10
Calculate the remainder when 20/(-5) + (-2)/(-2) + 33 is divided by 16.
14
Let z = 124 - 60. Let i = z + -52. Calculate the remainder when i is divided by 5.
2
Let j(r) = -r**3 - 24*r**2 - 17*r + 10. Let a(u) = u**3 + 24*u**2 + 18*u - 10. Let b(c) = -6*a(c) - 5*j(c). What is the remainder when 33 is divided by b(-23)?
3
Let p be (-4 - (1 + 0))*1. Let i = p - -3. Calculate the remainder when 40 is divided by 0/4 + i + 16.
12
Let m be 11 + (1 - 2) + -4. Suppose 15 = m*z - 5*z. Let p = z - -8. What is the remainder when p is divided by 8?
7
Suppose -201*x + 208 = -193*x. Calculate the remainder when 35 is divided by x.
9
Let j be -14*(-4)/8 - 1. Let d = -2 + j. Suppose -3*f + d*m + 61 = 0, 4*m = f - 5 - 2. What is the remainder when f is divided by 15?
12
Let j = 22 + -19. Let v(s) = 5*s**2 - s + 1. Calculate the remainder when v(1) is divided by j.
2
Suppose -5*g + 25 = w - 0*w, 10 = 2*g. Suppose -3*f + 98 + 97 = w. What is the remainder when f is divided by 33?
32
Suppose 42 = 4*b - 5*h, -4*b - 3*h - 46 = -8*b. Let j be 349/(-9) + (-14)/63. Let r = 47 + j. Calculate the remainder when b is divided by r.
5
Suppose -m = -2*d - 13, -4*d = -6*d - 10. Suppose m*w = 2*w + 12. Calculate the remainder when w is divided by 4.
0
Let t(f) = 2*f - 3. Calculate the remainder when ((-30)/8)/((-153)/204) is divided by t(3).
2
Let h = -113 - -200. Let y = 109 - h. What is the remainder when y is divided by 10?
2
Suppose -3*r + 82 + 89 = 0. Calculate the remainder when 568 is divided by r.
55
Let v(a) be the second derivative of 21/2*a**2 - 1/6*a**3 + 0 - 3*a - 1/12*a**4. What is the remainder when 82 is divided by v(0)?
19
What is the remainder when 271 is divided by (-3)/(-9) + 692/12?
39
Suppose -9*u + 36 = -0*u. Suppose 0 = u*y - 32 - 88. Calculate the remainder when 148 is divided by y.
28
Let x = -9 + 26. Suppose 4*k - 3*y - 55 = 0, 0 = 5*k + 53*y - 49*y - 30. What is the remainder when x is divided by k?
7
Let f = 3018 - 2986. Suppose -y + 96 = 4*y - 2*c, -3*y + 5*c + 69 = 0. Calculate the remainder when f is divided by y.
14
Let l(v) = -16*v**3 + 5*v**2 + 3*v + 6. What is the remainder when l(-3) is divided by 34?
32
Suppose 0 = -2*f + 8 + 28. Suppose 615 = 20*p - 45. What is the remainder when p is divided by f?
15
Let k be (-11752)/10 + 8/40. Let l be (-1)/(-7) - k/7. Suppose -3*q - l = -5*b, -b - 4*q = -6*b + 169. What is the remainder when 63 is divided by b?
30
Let g = -853 + 932. Suppose 0 = -2*p - 2*a + 4*a + 44, -56 = -3*p - 2*a. Calculate the remainder when g is divided by p.
19
Let i be (-4 - -5) + 35*-1. Let f = i + 44. What is the remainder when 59 is divided by f?
9
Let f be 47 - 1 - (-9)/(-3). Let p = f - -86. Calculate the remainder when p is divided by 33.
30
Let x(k) = -4*k + 125. Let r = -4 - -38. Calculate the remainder when r is divided by x(29).
7
Let p = 674 - 613. What is the remainder when 363 is divided by p?
58
Let i be -1 - ((-3)/3 + -1). Calculate the remainder when 232/(-1 + 5) + i is divided by 6/(-10) + 312/20.
14
Suppose 2*t - 52*l + 47*l = 160, -6 = -3*l. What is the remainder when 158 is divided by t?
73
Suppose a = -0*a + 25. Suppose 4*n - 40 = -5*i + 2*n, -5*n = 5*i - a. What is the remainder when 19 is divided by i?
9
Let l(b) = 6*b**2 - 15*b + 20. What is the remainder when 663 is divided by l(5)?
93
Suppose -898*v = -861*v + 2145 - 6474. What is the remainder when v is divided by (20/(1/1))/1?
17
Let g be 12/(-18) + (1 - 692/(-12)). Suppose -g = -7*i + 145. Calculate the remainder when 54 is divided by i.
25
Let h(q) be the third derivative of q**5/60 - q**4/12 + q**3/6 + 3*q**2. What is the remainder when 78 is divided by h(-3)?
14
Let c = 3 - 0. Suppose -c*x - 54 = 2*i - 5*i, 5*x = 0. Let q = 130 + -60. Calculate the remainder when q is divided by i.
16
Let b(v) = -36*v + 7. Let k(y) = 4*y + 1. Let w be k(-1). Calculate the remainder when b(w) is divided by 39.
37
Let j be (-1*9/2)/(24/(-1280)). Let g = -162 + j. What is the remainder when g is divided by 10?
8
Suppose -5*o + 156 = 5*l + 1, 2*l + 5*o = 74. Let m(y) be the first derivative of 55*y**2 - 5*y + 23. What is the remainder when m(1) is divided by l?
24
Let k = -2 + 2. Suppose 4*u = 3*s + 24, -3*s + k*s - 3*u = 24. Let a = 5 - s. What is the remainder when a is divided by 5?
3
Let k be (-2)/(-11) + (-1467)/(-99). Suppose -2*n = -5*p + 2*n + 235, k = 3*n. Calculate the remainder when p is divided by 18.
15
Suppose -3*q - 3*o + 15 = 0, 4*o + 4 = 3*q - 25. Calculate the remainder when 85 is divided by q.
1
What is the remainder when 78 + (0 + (-1 - 3) - 0) is divided by 19?
17
Let c(q) = q**2 - 4*q + 28. Calculate the remainder when 614 is divided by c(10).
86
Suppose -5*w + 29 = 3*z, -14*w = -17*w - 15. Let j(y) = -y**3 + 8*y**2 - 6*y - 3. Calculate the remainder when j(6) is divided by z.
15
Suppose 0 = -6*k + k + 45. Suppose -4*l - y = l - 416, -l = 3*y - 86. Calculate the remainder when l is divided by (-3810)/(-135) + (-2)/k.
27
Let z be (84/70)/(2/(-10)). Let m(q) = q**2 + q - 3. Calculate the remainder when 80 is divided by m(z).
26
Let m be ((-6)/(-2))/((-3)/(-2)). Suppose m = -5*d + l - 31, 2*l - 12 = d. Let n(k) = -4*k + 6. What is the remainder when n(d) is divided by 8?
6
Let p = -308 - -348. What is the remainder when 64 is divided by p?
24
Let m(b) = -2*b + 14. Let o(a) = -2*a + 15. Let t(z) = 4*m(z) - 3*o(z). Let n be t(5). What is the remainder when 2/(-2) + n - -30 is divided by 8?
6
Suppose 2*k - 4*s = 6*k - 24, 4*s - 6 = -k. Calculate the remainder when 183 is divided by k.
3
Let m = 3 - -22. Suppose -5*u + 29 = v - m, v - 3*u - 30 = 0. What is the remainder when v is divided by 7?
4
Suppose -d + 8 = 5*a, 2*d = 3*d + 2*a - 23. Calculate the remainder when 90 is divided by d.
24
Let u = 827 + -1439. What is the remainder when (u/15)/(1/(-5)) is divided by 52?
48
Let n(a) = a**2 + a + 30. Suppose -33*x = -31*x, 16 = 2*d + 3*x. What is the remainder when n(0) is divided by d?
6
Suppose 17 = 4*h + 1. Suppose 4 = h*m - 12. What is the remainder when 57/2 + 6/m is divided by 11?
8
Suppose 8*h = 1336 + 136. Suppose 17*c + 65 = h. Calculate the remainder when (2 - 1)*(-26)/(-2) is divided by c.
6
Let q = -931 + 936. What is the remainder when 904 is divided by q?
4
Let n be (-1 - -2)/((-2)/(-14)). Suppose n*p + 1 = 8*p. What is the remainder when p is divided by 1?
0
Let f(p) = -2*p - 8. Let i(k) = 12*k**3 + 1. Let y be i(-1). Calculate the remainder when 94 is divided by f(y).
10
Suppose -o - 28 = -2*z, 0 = z + 6*o - o - 14. Let p = 1208 + -1202. Calculate the remainder when z is divided by p.
2
Suppose 3*f + 91 = 4*j - 19, 2*j + 2 = 0. Suppose 2*k + 25 = 1. Let a = k - f. Calculate the remainder when a is divided by 7.
5
Suppose -2084 - 622 = -3*p + 3*u, -3*p + 2*u = -2706. Calculate the remainder when p is divided by 43.
42
Suppose -1 = c - 2*s, -2*c - c = 4*s - 17. Suppose -2 = -c*g - 4*i, 3*g - 2*i + 8 = 8*g. Calculate the remainder when 3 is divided by g.
1
Calculate the remainder when 178 is divided by 6 + (6 - 1) + -1.
8
Let w = 85 - 31. Calculate the remainder when 482 is divided by w.
50
Suppose -7*x + 15 = -6. Suppose x*v = -7*v + 570. What is the remainder when 225 is divided by v?
54
Let t(x) be the first derivative of x**3 - 3*x - 15. Calculate the remainder when 45 is divided by t(3).
21
Suppose 107*t - 100*t = 224. Calculate the remainder when t is divided by 20.
12
Let k(y) = -y**3 - 5*y**2 - 7*y - 2. Let w be k(6). Let g = 713 + w. Calculate the remainder when g is divided by 46.
43
Let k = -4 + 8. Suppose 2*d = 2*f + 22, -11 = -4*d + f + 18. Calculate the remainder when d is divided by k.
2
Suppose -32908 - 8570 = -446*h. Suppose 5 = 5*l - 10, 23 = b - 3*l. Calculate the remainder when h is 